 the remainder when 4404 is divided by 129?
18
What is the remainder when 6598480 is divided by 34?
32
Calculate the remainder when 8409 is divided by 667.
405
Calculate the remainder when 601301 is divided by 338.
337
Calculate the remainder when 20775 is divided by 9.
3
What is the remainder when 10477 is divided by 8384?
2093
Calculate the remainder when 17776 is divided by 1776.
16
Calculate the remainder when 7963 is divided by 15.
13
Calculate the remainder when 2141106 is divided by 124.
122
What is the remainder when 27290 is divided by 1299?
11
What is the remainder when 38797 is divided by 248?
109
Calculate the remainder when 3495 is divided by 1747.
1
What is the remainder when 117496 is divided by 16?
8
What is the remainder when 581987 is divided by 16166?
11
What is the remainder when 455344 is divided by 85?
84
Calculate the remainder when 90863 is divided by 857.
21
Calculate the remainder when 7513 is divided by 751.
3
What is the remainder when 3252 is divided by 1655?
1597
Calculate the remainder when 291597 is divided by 44.
9
Calculate the remainder when 1909 is divided by 669.
571
What is the remainder when 561598 is divided by 650?
648
Calculate the remainder when 5496 is divided by 172.
164
Calculate the remainder when 719 is divided by 26.
17
Calculate the remainder when 853 is divided by 129.
79
Calculate the remainder when 101114 is divided by 4213.
2
What is the remainder when 148211 is divided by 6?
5
Calculate the remainder when 3032 is divided by 658.
400
What is the remainder when 49222 is divided by 115?
2
Calculate the remainder when 1223535 is divided by 122.
119
Calculate the remainder when 109989 is divided by 797.
3
What is the remainder when 112610 is divided by 353?
3
Calculate the remainder when 16258 is divided by 5417.
7
Calculate the remainder when 1076 is divided by 250.
76
Calculate the remainder when 15513 is divided by 5067.
312
Calculate the remainder when 189306 is divided by 283.
262
What is the remainder when 5439 is divided by 23?
11
Calculate the remainder when 500859 is divided by 1653.
0
Calculate the remainder when 149089 is divided by 74542.
5
What is the remainder when 12183 is divided by 6?
3
Calculate the remainder when 35081 is divided by 15.
11
Calculate the remainder when 19913 is divided by 19891.
22
Calculate the remainder when 8605 is divided by 662.
661
What is the remainder when 20916 is divided by 2985?
21
What is the remainder when 70078 is divided by 64?
62
Calculate the remainder when 47838 is divided by 12.
6
What is the remainder when 210945 is divided by 127?
125
Calculate the remainder when 111984 is divided by 11198.
4
What is the remainder when 7136 is divided by 2324?
164
What is the remainder when 490668 is divided by 2772?
24
Calculate the remainder when 48859 is divided by 49.
6
Calculate the remainder when 13477 is divided by 73.
45
Calculate the remainder when 692 is divided by 165.
32
What is the remainder when 20602 is divided by 100?
2
What is the remainder when 51145 is divided by 202?
39
What is the remainder when 15455 is divided by 29?
27
What is the remainder when 3670 is divided by 153?
151
What is the remainder when 3006 is divided by 249?
18
Calculate the remainder when 48609 is divided by 73.
64
What is the remainder when 7993 is divided by 168?
97
Calculate the remainder when 24980 is divided by 806.
800
What is the remainder when 2812 is divided by 80?
12
Calculate the remainder when 35621 is divided by 11841.
98
What is the remainder when 1128 is divided by 284?
276
Calculate the remainder when 15627 is divided by 341.
282
What is the remainder when 107585 is divided by 6?
5
What is the remainder when 1179 is divided by 70?
59
What is the remainder when 130025 is divided by 117?
38
Calculate the remainder when 19493 is divided by 300.
293
What is the remainder when 312735 is divided by 1851?
1767
What is the remainder when 3912 is divided by 1106?
594
What is the remainder when 4344 is divided by 1402?
138
What is the remainder when 64118 is divided by 8?
6
Calculate the remainder when 28572 is divided by 14271.
30
Calculate the remainder when 6775 is divided by 101.
8
Calculate the remainder when 11489 is divided by 1273.
32
What is the remainder when 8338 is divided by 24?
10
What is the remainder when 252996 is divided by 13313?
49
What is the remainder when 148424 is divided by 434?
430
Calculate the remainder when 184660 is divided by 58.
46
What is the remainder when 237992 is divided by 844?
828
What is the remainder when 360124 is divided by 117?
115
Calculate the remainder when 17709 is divided by 167.
7
Calculate the remainder when 7397 is divided by 1545.
1217
Calculate the remainder when 12658 is divided by 48.
34
Calculate the remainder when 108607 is divided by 123.
121
What is the remainder when 17016 is divided by 17?
16
What is the remainder when 11030 is divided by 11?
8
What is the remainder when 711397 is divided by 20?
17
Calculate the remainder when 3246115 is divided by 15.
10
What is the remainder when 1417 is divided by 1306?
111
What is the remainder when 1458 is divided by 3?
0
What is the remainder when 146808 is divided by 146794?
14
What is the remainder when 32623 is divided by 320?
303
What is the remainder when 368 is divided by 22?
16
Calculate the remainder when 67453 is divided by 429.
100
What is the remainder when 33092 is divided by 8212?
244
What is the remainder when 211664 is divided by 91?
89
Calculate the remainder when 4220 is divided by 794.
250
Calculate the remainder when 8001 is divided by 1381.
1096
Calculate the remainder when 1492613 is divided by 39.
5
What is the remainder when 12784 is divided by 81?
67
Calculate the remainder when 39219 is divided by 2793.
117
What is the remainder when 8570 is divided by 4273?
24
What is the remainder when 5946879 is divided by 1982289?
12
Calculate the remainder when 68079 is divided by 76.
59
What is the remainder when 777566 is divided by 11108?
6
Calculate the remainder when 73270 is divided by 18315.
10
Calculate the remainder when 7391 is divided by 569.
563
Calculate the remainder when 21932 is divided by 522.
8
Calculate the remainder when 4348121 is divided by 1446.
1445
What is the remainder when 324097 is divided by 108031?
4
What is the remainder when 12572 is divided by 500?
72
What is the remainder when 67648 is divided by 55?
53
Calculate the remainder when 4010 is divided by 292.
214
Calculate the remainder when 20023 is divided by 105.
73
Calculate the remainder when 28540 is divided by 1189.
4
Calculate the remainder when 9416 is divided by 62.
54
What is the remainder when 11255 is divided by 49?
34
What is the remainder when 5444 is divided by 1064?
124
What is the remainder when 2784 is divided by 254?
244
Calculate the remainder when 25398 is divided by 686.
16
Calculate the remainder when 50960 is divided by 1086.
1004
What is the remainder when 20061 is divided by 3536?
2381
Calculate the remainder when 3721 is divided by 402.
103
Calculate the remainder when 4842 is divided by 961.
37
Calculate the remainder when 329397 is divided by 180.
177
Calculate the remainder when 3833 is divided by 987.
872
What is the remainder when 18150 is divided by 168?
6
Calculate the remainder when 10110 is divided by 777.
9
What is the remainder when 13619 is divided by 3391?
55
Calculate the remainder when 6386 is divided by 2011.
353
Calculate the remainder when 119173 is divided by 8508.
61
Calculate the remainder when 219163 is divided by 109567.
29
Calculate the remainder when 37347 is divided by 98.
9
Calculate the remainder when 308607 is divided by 48.
15
What is the remainder when 361 is divided by 174?
13
Calculate the remainder when 20479 is divided by 47.
34
Calculate the remainder when 2044 is divided by 31.
29
Calculate the remainder when 13756 is divided by 724.
0
Calculate the remainder when 6990 is divided by 3490.
10
Calculate the remainder when 1599 is divided by 208.
143
What is the remainder when 4816 is divided by 798?
28
What is the remainder when 125662 is divided by 42?
40
What is the remainder when 199169 is divided by 199160?
9
Calculate the remainder when 275214 is divided by 428.
10
What is the remainder when 34510